) - -16.
9
What is the value of -10 - (-1 - (-2 + 6))?
-5
-10 - (-11 - -12 - 4)
-7
What is 0 - -5 - (12 - 4)?
-3
Calculate (-6 - -7) + (1 - 0).
2
Calculate (4 - 5) + -6 + 3.
-4
What is the value of -9 + 7 - -5 - 9?
-6
Evaluate (-3 - -9) + 6 + -7.
5
Calculate 1 + -4 - -1 - 3.
-5
What is (-5 - (-4 + 3)) + 0 + 3?
-1
What is the value of -3 - 1 - (-59 - -52)?
3
Evaluate 3 - 3 - (0 + 1).
-1
Calculate 3 - (3 + (-5 - -1) + 3).
1
Calculate 6 + -6 + 1 + 1 + -2.
0
Evaluate 3 - (-5 - (0 - 11)).
-3
What is -16 + 1 + 10 + 11?
6
1 - -1 - (-1 + -2)
5
What is the value of (1 - -5) + (10 - 10)?
6
Calculate 2 + 14 + -15 + 8.
9
7 - ((-9 + 8 - 6) + 12)
2
Calculate 4 - (4 + (4 - 5 - -2)).
-1
What is (-1 - 2) + 6 - (19 - 21)?
5
Evaluate 4 + -5 + 0 + (-2 - -3).
0
Evaluate 6 + (-4 - (5 - 7)) - 0.
4
Evaluate 1 + (-13 - (3 - 6) - -5).
-4
What is 3 - (-1 + 0 + (10 - 0))?
-6
What is the value of (0 - -10) + -9 - (-1 + 6)?
-4
What is the value of (2 + 2 - 3 - -4) + -2?
3
-2 + 3 + -10 + -13 + 15
-7
5 - (-9 + (-11 - -28))
-3
Evaluate 2 - (-6 + -2 + 7).
3
(6 - 1) + -5 - 2 - -8
6
Calculate 3 - (3 + 0 + (-12 - -13)).
-1
What is the value of -7 - (1 + -4 + -2)?
-2
What is the value of -4 - ((-3 - -8 - 5) + -4)?
0
Calculate 1 - (-5 + -3 + 4).
5
Calculate -9 - (-1 - (1 + 5) - -3).
-5
Evaluate -11 - (-9 - (0 - 1)).
-3
Evaluate 11 + 3 + -6 + (-14 - -1).
-5
(-2 - -2) + -6 - -3
-3
8 + 1 + -6 + -4
-1
What is -4 + 1 - (-5 + 4 - 8)?
6
Calculate (10 - 5) + -2 + 1 + 3.
7
-15 + 13 + -3 + 6
1
(4 - -1) + (0 + 3 - 8)
0
What is the value of 7 + -10 + (0 - 1) - -6?
2
Calculate 0 + (-7 - -12 - -1).
6
Evaluate 8 - (2 - (6 + -6)).
6
Calculate (-6 + 8 - 4) + 3.
1
What is the value of (5 + -1 - (7 + -2)) + -1?
-2
Calculate -1 + (-1 - 2) + -1.
-5
What is the value of 6 - (2 + 3 + 5)?
-4
Evaluate -9 - ((-9 - -2) + 4).
-6
(65 - 63) + (6 - 3) + -11
-6
What is the value of -31 + 27 - (0 - (0 - -3))?
-1
What is 13 + -5 - 8 - 1?
-1
What is the value of 3 - (2 + -2 - 2 - 0)?
5
Calculate -4 - (-5 + 2) - (2 - 2).
-1
What is 0 - ((8 - (7 - -9)) + 8)?
0
Evaluate -77 + 65 + (-1 - -7).
-6
Evaluate -1 + 10 + 4 + -10.
3
Evaluate (7 - (-1 - -5 - 2)) + 1.
6
Calculate -1 - (4 + 3 - 3).
-5
(-5 - -4) + (-3 - -3)
-1
-5 + (6 - 5) + 4
0
Evaluate 6 - 1 - (29 - 30).
6
Evaluate -3 + (0 - 0 - 4) + 2.
-5
What is the value of 49 + -57 + (6 - (-1 - -3))?
-4
Evaluate (-7 - -2) + (1 - 0).
-4
What is the value of 2 + -3 + 2 - 3?
-2
What is the value of -3 + (0 - -5 - (2 + 1))?
-1
What is the value of 4 + 2 + -1 - 0?
5
What is the value of -9 - (11 + -27) - (10 - 1)?
-2
What is -4 - (-1 - (4 + -5))?
-4
What is the value of (10 - 20 - -19) + -5?
4
What is 10 + (-7 - (-2 - 0))?
5
What is the value of 38 - 37 - (4 - (3 - 1))?
-1
Calculate 3 + (-11 - 0 - (-10 - -7)).
-5
What is 2 + (-7 - -2) + (11 - 5)?
3
-1 + -3 - -5 - -1
2
0 + 7 - 1 - 10
-4
Evaluate 5 + (-5 - -3) + 1.
4
Evaluate -5 + (5 + -9 - (1 + -19)).
9
What is -4 + 0 + (3 - 1)?
-2
Calculate (-1 - 7 - 3) + 2 + 1.
-8
Calculate 3 + (-4 - (-4 - -9)).
-6
13 + -7 + -2 + -2 + -3
-1
-9 - (7 - (9 - 1))
-8
Calculate (12 - (8 + -4)) + -7.
1
Calculate (0 - (-2 - (-9 + 5))) + 2.
0
Calculate (-17 - -13) + 4 + 2 + -1.
1
Evaluate (-1 - -2 - (-6 + 12)) + -6.
-11
6 - (1 + -5) - 6
4
What is -1 + -4 + 8 + -11?
-8
Evaluate -4 + -7 + 13 - 4.
-2
Calculate -1 + 8 + (-3 - -1) + -6.
-1
Calculate 0 + 2 + (3 - (-1 + 4)).
2
What is 0 + -5 + 3 + 5?
3
Calculate 3 - (31 + -30 + (4 - 1)).
-1
What is -4 - -21 - (6 - -6)?
5
0 + 6 - (14 + -18 + 8)
2
What is the value of 0 + 3 + -14 + 9 + -6?
-8
What is the value of -8 - -6 - -4 - 0?
2
7 - (9 - -3) - -6
1
What is (7 - 2) + 0 + 3?
8
What is the value of -3 + -1 - (-2 + 0 - 1)?
-1
What is the value of -2 + 1 + 0 + -1?
-2
10 - (-5 - -12 - 2)
5
What is the value of -4 + -2 - (-8 - -2)?
0
Calculate -2 + (-1 - -1) + (-3 - -6).
1
Evaluate 7 + (-14 + 7 - 4).
-4
Calculate -3 - (-8 - -13 - (2 + 9)).
3
What is the value of -8 + 3 - (-7 + 4)?
-2
(6 - (8 - 6)) + -1
3
Calculate (4 - -3) + -5 - (2 + 1).
-1
What is 4 + (1 - (1 + 0))?
4
What is 0 + -1 + 1 + 3?
3
Evaluate -6 - (-6 + (4 - 6)).
2
2 + -3 - (1 + 7 - 9)
0
What is the value of -5 - ((-6 - -10) + -6)?
-3
Calculate 3 + (-2 - (5 + 0)).
-4
Evaluate 7 + 10 + (4 - 24).
-3
Calculate -5 - (0 - (6 - 8) - 1).
-6
What is (1 - -1) + (-10 - 9) - -6?
-11
Calculate -8 + 14 + 3 - 4.
5
Evaluate 3 + (-7 - -6) - -4 - 0.
6
6 + -1 - 5 - (1 + 0)
-1
Evaluate (2 - 3) + 5 + (-13 - -6).
-3
What is -6 - (2 + -2 + -3)?
-3
0 + 1 + -48 + 47
0
What is the value of 10 + (-9 - (-4 + 2))?
3
What is (-1 - 0) + 3 + 1 - 2?
1
What is 6 - (-5 - (7 + -11))?
7
What is 1 + -12 + 16 + (-1 - -3)?
7
1 + (-1 - -1) + -14 + 12
-1
-8 - (-5 + 5) - -5
-3
Calculate -6 + 1 + 0 + (-171 - -171).
-5
What is the value of (1 - (-8 + 6)) + -2 + 4?
5
Calculate 1 - (-1 - 12 - (59 - 64)).
9
Calculate -3 + 1 + -2 + -1 + 1.
-4
What is the value of (12 - 3) + -4 - (5 + -4)?
4
What is the value of 3 + 0 + -1 - 1 - 2?
-1
What is -5 + -4 + 22 - 11?
2
What is the value of 5 - (4 + 4 + -6) - 5?
-2
Evaluate 1 - 0 - (5 + 1).
-5
-1 - (6 + -5 + 2)
-4
What is the value of 1 + (3 + -5 - (0 - -1))?
-2
What is 0 + 10 + -1 + 38 + -45?
2
(-8 - (-6 + 0)) + 1
-1
What is the value of 1 - (-2 - (3 + -3)) - 3?
0
Evaluate (-3 + 8 - 13) + 3.
-5
What is (137 - 126) + 1 + -10?
2
What is the value of (-2 - 0) + (-48 - -51)?
1
What is 5 + (-5 - -2) - (3 + 1)?
-2
Calculate -2 + (7 + -7 - 4) + 6.
0
Evaluate 1 - 4 - -2 - 0.
-1
What is -3 + (3 + 0 - 0)?
0
What is the value of (-6 - (4 + -7)) + 4 + 7?
8
Evaluate 1 + -4 + 7 + (1 - 0).
5
10 + (13 - 9) + (0 - 7)
7
4 + (0 + 0 - 10) + 5
-1
2 + 1 + (-7 - 11 - -9)
-6
-13 - (-1 - (-6 - -9))
-9
Evaluate -6 - (-5 + 1) - (0 + 1).
-3
Evaluate (-1 - (-1 + (3 - 5))) + 2.
4
6 - ((2 - (2 + -1)) + 4)
1
Evaluate -4 + -1 + -1 + 2 - 1.
-5
What is -8 + 3 + 1 - -9?
5
Evaluate (8 - 6 - -2) + 0.
4
Calculate -6 - (-16 - -20 - (-1 + 12)).
1
Evaluate (-5 - -2) + -31 + 36.
2
-7 + 10 + 2 + -2 + -3
0
(20 - 19) + (0 - -4)
5
What is (10 + 0 - 6) + -1 + 1?
4
Evaluate -8 + (17 - 2) + 0 + -3.
4
Evaluate 16 + (1 + 5 - 16).
6
What is -1 + (3 + -1 - 5)?
-4
Calculate (2 - -1) + -28 + 19.
-6
Calculate -3 - (-12 - (-5 + 4)).
8
4 - ((-2 - 4) + 6)
4
Evaluate (4 - 3) + 5 - (0 + 2).
4
Evaluate 15 + -6 - (0 - -7).
2
Calculate 10 + (6 - 11 - 1).
4
Calculate (6 - 7) + -4 - -1.
-4
Calculate -10 - -4 - (-5 + 0).
-1
What is -1 + (2 - (6 + -9))?
4
Calculate -4 - -5 - 3 - -4.
2
What is 4 + 0 - (0 - (3 + -4))?
3
Evaluate 5 + (2 - 2) - 5.
0
Evaluate 4 + -14 + 6 + 6.
2
What is (-2 - 2) + 18 + -20 + 5?
-1
-6 + 0 + 5 - 3
-4
What is 1 + (-7 - -4) - (-1 - 0)?
-1
Calculate 0 + (-3 - (0 + 4)).
-7
What is 0 + 1 - (2 - (-2 - -4))?
1
What is the value of 1 + -4 + -4 + 10?
3
What is 0 + -1 - (143 + -137)?
-7
What is the value of -2 - (7 + -7 - (1 - -1))?
0
What is (-4 + 2 - 8) + 4 - -3?
-3
Calculate 0 - 2 - (-3 + 3 + -4).
2
What is -19 + 18 - (3 + (0 - 1))?
-3
What is the value of 6 - 16 - -1 - -8?
-1
Calculate -19 + (2 - (10 + -19)).
-8
-5 + 6 + 1 + 2 + 0
4
Calculate -1 - 3 - (-22 + (17 - 0)).
1
What is (7 - 6) + 0 + -1 + -2?
-2
What is -3 + 0 + 2 + -10 + 8?
-3
-1 - (-3 - (-6 - -3))
-1
Calculate (1 - 0 - 2) + 3.
2
What is (3 + -11 - -18) + -16?
-6
1 + 0 + 6 + -4
3
-5 + 6 + -2 - 0
-1
Evaluate 11 + -7 + -12 - -5.
-3
2 - (6 + -2 + -1)
-1
What is the value of -67 - -72 - (3 - -1)?
1
Evaluate -1 + -3 + (11 - (1 + 3)).
3
What is 15 - 2 - 31 - -8?
-10
-5 - -2 - (-1 + 3)
-5
Evaluate (-9 - (3 - 8) - -10) + -5.
1
Evaluate -3 + 22 + -5 + -5 + -3.
6
11 + -10 - (1 - 4)
4
Evaluate -7 + 7 + -8 + -2 + 3.
-7
0 - 1 - (-4 - -5)
-2
(3 - (4 - 5)) + (-3 - 2)
-1
-4 - (3 - (-2 - -7 - -2))
0
What is the value of 0 - (18 + -8 + -12)?
2
What is 0 + (-3 - -2 - -1)?
0
Calculate 121 + -121 + (0 - -3).
3
What is the value of (5 - (2 + -1)) + -3 + -5?
-4
Evaluate 3 + 9 + -1 + -5.
6
What is (-4 - 1) + -8 + 7?
-6
Calculate 3 + (-11 - -2 - 0) + 4.
-2
What is the value of -1 + 4 + (-2 - -2)?
3
What is the value of (-6 - -7) + 0 + (-1 - -1)?
1
What is 6 + -6 + (7 - 2)?
5
Evaluate (-1 + -2 - 1) + 2 + -2.
-4
What is the value of -2 - ((-1 - -1) + -3)?
1
Calculate -4 - 0 - -4 - 3.
-3
Calculate -8 + 7 + -7 + 5 + -3.
-6
What is the value of -2 - -5 - (2 - 23 - -15)?
9
What is -2 + 1 - (-2 + -3 + 3)?
1
Evaluate -5 + 0 + 8 + 0.
3
Evaluate 3 - (5 - (-4 + 8)).
2
What is t